(0).
0
Let d(n) be the third derivative of 0*n + 1/3*n**3 + 1/24*n**4 - 1/60*n**5 - 4 - n**2. Suppose 3*w - 2 + 11 = 0. Calculate d(w).
-10
Let d(y) = -7 - 24*y + 10 - 11*y - 2*y. Determine d(1).
-34
Let i be (-1)/1 - (2 - 1). Let y(u) be the third derivative of -1/60*u**5 - 2 + 3*u**2 + 0*u + 0*u**4 + 1/6*u**3. Give y(i).
-3
Let d(z) = 4*z - 2. Let y be d(1). Let u(f) be the second derivative of 1/6*f**3 + 0 - 1/6*f**4 + 0*f**2 + y*f. Determine u(1).
-1
Let q(v) = -v**2 + 9*v - 11. Suppose -44*u = -39*u - 35. Calculate q(u).
3
Let n(i) = -7*i - 1. Suppose -2*f + f + 3*l + 4 = 0, 16 = -3*f - 5*l. Let o(d) = -1. Let h(y) = f*o(y) + n(y). Calculate h(-1).
8
Let q(b) = b**3 + 5*b**2 - 3*b - 3. Suppose 7*h = 321 - 363. What is q(h)?
-21
Let j(x) be the second derivative of -x**5/20 + 5*x**4/12 - 2*x**3/3 + x**2 + 3*x - 8. Give j(3).
8
Let v(d) = -d**2 + 9*d + 23. Suppose -86*t + 891 = -5*t. Calculate v(t).
1
Let a(n) = 2*n + 4*n - 3 - 2*n**2 + n**2. Let t = 91 - 87. Suppose 42 = 5*l + t*y + 17, -5*l + 25 = y. Calculate a(l).
2
Let v(f) be the second derivative of -f**3/3 + 3*f**2 + 4*f. Let j be v(-9). Let o(q) = -1 + 7*q**3 + 14*q**3 - j*q**3. Calculate o(-1).
2
Let s(k) = k + 1. Let v(d) = 30. Let i(o) = 2*s(o) + v(o). Let y be i(-13). Let l(t) be the second derivative of -t**4/12 + 5*t**3/6 - 2*t. Calculate l(y).
-6
Let o(q) be the first derivative of -q**4/4 - 11*q**3/3 - 6*q**2 - 21*q - 298. Calculate o(-10).
-1
Let z(n) = -2*n**3 - 29*n**2 + 14*n - 16. Let h(b) = -7*b + 13. Let k be h(4). Let l be z(k). Let r(o) = -5*o**3 - o**2 - 2*o - 1. Give r(l).
5
Let q be 5/(-10) + (-3)/(-6). Suppose q*g - 4 = -y - 2*g, 3*y = -g + 7. Suppose 5*v - v = y*f + 2, v = 2*f + 8. Let a(z) = -z**2 - 4*z - 6. Calculate a(f).
-11
Suppose -2*z = -z - 3. Let x(u) = 2*u - 1. Let c(o) = o**2 + 14*o + 25. Let p be c(-12). Let v(t) = -1. Let n(m) = p*x(m) + z*v(m). What is n(3)?
2
Let h(x) = -7*x - 303 + 153 + x**2 + 136. Give h(8).
-6
Let r(n) be the first derivative of -7*n**2 + 3*n + 83. Determine r(1).
-11
Let v(o) be the third derivative of o**5/60 + o**4/6 - o**3/3 - o**2. Suppose 4*h = 2*m + 7 + 5, 4*m = 5*h - 15. Suppose h = -2*n - 3. Determine v(n).
-5
Let l(d) = -d**2 + 3*d - 4. Let m be ((-1 - -3)/2)/(3/24). What is l(m)?
-44
Let n(i) = -2*i + 1. Suppose c + 3 - 5 = 0. Suppose c*s - 2 = -4. Determine n(s).
3
Let d(w) = w**2 - 7*w - 3. Let l be 7 + 0 + (-3)/(-6)*-2. Suppose 2*m + a = 4*a - 8, -17 = 3*m - 2*a. Let o be l*(m/3 - -3). Determine d(o).
-15
Let z(s) = s**2 + 7*s + 12. Suppose 0 = 3*p + 10 + 5. Let b be z(p). Suppose -3*o = r - b + 13, -5*r = 4*o. Let m(w) = 3*w + 5. Calculate m(o).
-10
Let a(t) = -2*t. Suppose -4 = -25*h + 24*h. Suppose h*b = 2*m - 2, -b - 3*m + 0*m - 18 = 0. Calculate a(b).
6
Let b(m) = 2*m**2 - 2*m. Suppose 0*j + 30 = 5*j. Let i be 3/j - (-3)/2. What is b(i)?
4
Let m(f) = 56*f + 5*f**3 - 24 - 27*f**2 - 27*f**2 + 3*f**2. Let c(w) = w**3 - 10*w**2 + 11*w - 5. Let q(b) = -11*c(b) + 2*m(b). Calculate q(7).
-7
Suppose 0 = -y - 0*y + 2. Let d(z) be the first derivative of z**y + 3 - 2*z - 1/3*z**3. Give d(3).
-5
Suppose 0 = -v - 10 + 9. Let g be (-3)/3 - v*(-6 - -2). Let x(h) = -h - 2. Calculate x(g).
3
Let w(q) = 3*q. Let k(a) = -4*a + 1. Let r(m) = 4*k(m) + 5*w(m). Let g be r(2). Let i(s) = -s**3 + s**2 - 2*s + 1. Give i(g).
-7
Suppose -10*q + 3*q = 0. Suppose 3*t + 0*t + 18 = q. Let p(j) = j - 3. Calculate p(t).
-9
Let y(h) be the second derivative of -h**4/12 - 2*h**3/3 + 2*h**2 - 8*h. Suppose 0 = -s - 3 - 4. Determine y(s).
-17
Let t = -38 - -229/6. Let u(x) be the second derivative of 0 - t*x**3 + 3*x - x**2. Determine u(4).
-6
Let g(p) = -2*p**3 + 3*p**2 - 1. Let i be 11 + (-6)/(30/25). Let b be i/1*4/24*2. What is g(b)?
-5
Suppose -19*m + 14*m = -n - 8, -5*n + 4 = -3*m. Let h(i) = -7*i**2 + 12 - 4*i - i**3 - n + 5*i. Calculate h(-7).
3
Let w(z) be the first derivative of 1/2*z**2 + 7 - z. Let b(c) = -c - 5. Let q be b(-6). Determine w(q).
0
Let v(k) = 2*k - 52. Suppose 5*c - 5*o = 95, 2*o - 155 = -5*c - 25. What is v(c)?
-4
Let p = 5 + -6. Let d = 3 - 5. Let a = p - d. Let z(j) = 3*j**2 - j + 1. Calculate z(a).
3
Let r(f) = f + 1. Let i = -498 - -498. Give r(i).
1
Let q(a) = -a**3 + 4*a**2 + 3. Let y be 19 - 6/(-2) - 2. Suppose 0 = -2*z + 7*z - y. Let w(d) = d**2 - 3*d - 1. Let p be w(z). Give q(p).
12
Let n(u) be the third derivative of u**4/12 - u**3/6 + 2*u**2 - 6015*u. Let z(j) = j**2 - j + 2. Let v be z(0). Determine n(v).
3
Let v = 477 - 485. Let r(t) = t**2 + 7*t - 7. Give r(v).
1
Let x = -34 - -39. Suppose h - 4*v = 20, 2*h - 2*v - 24 = 2*v. Let s(d) = -3*d + h + 3 - 1. What is s(x)?
-9
Let m(t) = -2*t**2 - 16*t - 2. Let l(h) = -3*h**2 - 32*h + 40. Let d be l(-12). What is m(d)?
-2
Let u(b) be the second derivative of b**3 + 7*b**2/2 + 351*b. Determine u(-2).
-5
Let d(r) = 12*r**2 - r**3 - 16*r + 20 + 22*r**2 - 50*r**2. Give d(-15).
35
Let u(g) = g**2 - 5*g + 3. Let r(y) = -2*y**3 + 2*y**2 - 1. Let f be r(-1). Give u(f).
-3
Let q(f) = -f - 1. Let n be q(-5). Let v(u) = -4*u**2 - 8*u + 7. Let c(g) = -5*g**2 - 9*g + 8. Let i(r) = -5*c(r) + 6*v(r). Calculate i(n).
6
Let p be (-3)/(-2)*(225/27 + 7/(-1)). Let z(w) be the third derivative of w**5/15 - w**4/6 + w**3/3 + 2*w**2. Determine z(p).
10
Let l(x) = -x. Let f be l(-1). Let u(m) = 2*m - 7*m + 5*m - 8*m + f. Let y(q) = -q**3 - 6*q**2 + 8*q + 8. Let p be y(-7). What is u(p)?
-7
Suppose 2*o - 6 = 2. Suppose -5*y + o*n = 36, 3*y - n + 4 = -3*n. Let b(m) = 2*m - 1. Calculate b(y).
-9
Let s(h) = -3*h + 2. Suppose 4 = 3*l - 2. Suppose 4*j + 330 = 3*k, l*j + 37 = -3*k - 119. Let y be (-2)/(-9) - (-342)/j. Calculate s(y).
14
Let t(i) = 11*i**2 - 27*i - 55. Let n(d) = 25*d**2 - 55*d - 110. Let h(y) = -4*n(y) + 9*t(y). Determine h(-20).
5
Let g(t) = -2*t + 6. Let x = -1452 - -1456. Calculate g(x).
-2
Let k(y) = 1 + 228*y**3 - 5*y - 5*y**2 - 229*y**3 + 0. Let c(n) = n**3 - 3*n**2 - 5*n. Let u be c(4). Give k(u).
5
Let p(g) = 9*g - 29. Let d be p(4). Let a(j) = 0*j**2 + 0*j**2 + d*j**3 + 1 + 0*j**3 - j**2. Calculate a(-1).
-7
Let k(f) be the third derivative of -f**6/120 + f**5/6 - f**4/3 + 4*f**3/3 - 5*f**2. Calculate k(9).
17
Suppose -p + 4*w + 35 = -0*p, 0 = 3*p - w - 94. Let z = p - 35. Let n(j) = -j + 2. Give n(z).
6
Let l be (12/9)/((-4)/(-6)). Let d be 7 - l - 1 - 0. Let z be (-1 + d)*(3 - 4). Let x(u) = u. Calculate x(z).
-3
Let c(a) be the third derivative of a**9/60480 - a**8/2520 + a**7/630 + 11*a**5/30 + 28*a**2. Let x(l) be the third derivative of c(l). Determine x(7).
7
Suppose c + 18 = -5*t, t - 3*c = -7 - 3. Let s(g) = 7*g - 2. Give s(t).
-30
Suppose l = -0*l + 3. Let p(c) = -14*c**3 + 2*c**2 - 8*c - 21. Let o(m) = -17*m**3 + 3*m**2 - 9*m - 25. Let v(k) = -5*o(k) + 6*p(k). What is v(l)?
-10
Let k(q) = -q**3 + 12*q**2 - 10*q + 9. Let r(h) = 2*h**3 - 23*h**2 + 19*h - 16. Let f(b) = -11*k(b) - 6*r(b). What is f(6)?
-27
Let s(x) be the second derivative of x**5/20 + 5*x**4/12 + 7*x**2/2 + 390*x. Determine s(-5).
7
Let u(v) = -8*v**3 - 2*v**2 + 0*v**3 + 0*v**3 + 1. Let b = -116 + 169. Let h = b + -52. What is u(h)?
-9
Let h(t) = 16 - 51 - 8*t + 21 + 16. Determine h(-1).
10
Let u(z) = -3*z**3 - z + 2. Let w(v) = -11*v**3 - 7*v**2 + 3*v + 2. Let m(x) = -4*u(x) + w(x). Suppose -2*t = -13 + 1. Calculate m(t).
0
Let m(k) = k**3 + 8*k**2 - 18. Let y(f) = -6*f**3 - 38*f**2 + f + 90. Let u(x) = 11*m(x) + 2*y(x). Give u(12).
6
Let b(m) = -m**2 + 6*m + 1. Let p = -19 - -32. Let x = p + -10. Suppose -2*w = 5*n - 37, x*w - 5*n + 5 = -2. Calculate b(w).
1
Let y(w) be the second derivative of -w**7/840 - w**6/72 + 3*w**5/40 + w**4/4 + w**3/2 - 8*w. Let q(g) be the second derivative of y(g). Determine q(-6).
-12
Let y(v) = -v**2 - 2*v**2 - 8 + 5*v**2 - v**2 - v**3 - v. Let g = 11 + -11. What is y(g)?
-8
Suppose 6 = 3*d, 29*d - 18 = -b + 25*d. Let p(k) = k**3 - 10*k**2 - k - 7. Determine p(b).
-17
Let j(q) = -20*q**2 + 15*q - 17. Let y(b) = -6*b**2 + 5*b - 5. Let g(d) = -2*j(d) + 7*y(d). What is g(6)?
-43
Let y = 43 + -22. Let x = y + -14. Let c(p) = p**2 - 6*p - 8. Give c(x).
-1
Let o be (2 - 3) + 8 + 0. Let l(s) = -s**3 + 7*s**2 - 2*s - 6. Calculate l(o).
-20
Let m be (-3)/((-1)/(0 + (-1)/(-3))). Let o(s) = -s**2 - 17*s + 2 + 31*s - m - 11*s. Give o(2).
3
Suppose f = 3*m - 20, -3